12 a factor of 6165492?
True
Is 26564405 a multiple of 2293?
True
Is 3766108 a multiple of 669?
False
Does 8 divide 3056621013?
False
Does 1192 divide 8651244?
False
Does 430 divide 60574124?
False
Does 216 divide 109299785?
False
Is 45299588 a multiple of 10?
False
Does 4128 divide 342404348?
False
Is 1780 a factor of 29815000?
True
Is 84322485 a multiple of 2?
False
Is 5 a factor of 90807268?
False
Is 75855642 a multiple of 6?
True
Does 62 divide 41205386?
True
Does 92 divide 31907164?
True
Is 18568624 a multiple of 38?
True
Is 1046 a factor of 422663496?
True
Is 2029 a factor of 1853305069?
False
Is 63731396 a multiple of 1395?
False
Is 627 a factor of 106770576?
True
Is 2125290680 a multiple of 40?
True
Does 762 divide 58939938?
True
Does 728 divide 681627128?
True
Is 426707736 a multiple of 987?
True
Is 59 a factor of 476961959?
True
Is 1171 a factor of 530404450?
True
Is 196642701 a multiple of 10?
False
Does 2860 divide 89080180?
False
Does 685 divide 40112031?
False
Does 565 divide 3561428910?
True
Is 36022949 a multiple of 43?
True
Does 1431 divide 1258392780?
True
Does 20 divide 3908984?
False
Is 2 a factor of 3866190?
True
Does 3914 divide 35481777?
False
Is 9545184 a multiple of 264?
True
Is 248 a factor of 894962808?
True
Is 95 a factor of 2454790975?
True
Is 73159672 a multiple of 11?
False
Is 381798126 a multiple of 1509?
True
Is 158338454 a multiple of 352?
False
Is 1108 a factor of 110248625?
False
Is 2977821554 a multiple of 4918?
False
Is 144 a factor of 53908010?
False
Does 2 divide 2190096?
True
Is 309370611 a multiple of 6127?
True
Is 938308761 a multiple of 13?
True
Does 15 divide 2443999605?
True
Does 131 divide 434208512?
False
Is 57234152 a multiple of 7?
False
Is 25 a factor of 721656932?
False
Does 9 divide 67814191?
False
Does 38 divide 242099558?
True
Is 18964855 a multiple of 2472?
False
Does 10 divide 39224530?
True
Is 3869 a factor of 997103204?
True
Is 585286222 a multiple of 16?
False
Is 12 a factor of 20341680?
True
Is 5450 a factor of 1903921554?
False
Is 15560 a factor of 5603436080?
True
Does 6 divide 141391611?
False
Is 3263086116 a multiple of 12?
True
Is 582086517 a multiple of 2066?
False
Is 30750700 a multiple of 166?
False
Is 1056578878 a multiple of 11122?
True
Is 954 a factor of 2577079314?
True
Is 3259563 a multiple of 3?
True
Does 199 divide 27338636?
False
Is 6948177585 a multiple of 15?
True
Does 6 divide 203597190?
True
Is 2662802688 a multiple of 768?
True
Is 864 a factor of 519914443?
False
Is 35269798 a multiple of 121?
False
Is 53 a factor of 5368308?
False
Does 53 divide 8134900?
False
Is 36 a factor of 578879676?
True
Is 69131832 a multiple of 24?
True
Is 125620439 a multiple of 1666?
False
Is 82420147 a multiple of 23?
False
Does 282 divide 46173856?
False
Is 12004902 a multiple of 49?
True
Does 318 divide 130307180?
False
Is 196764253 a multiple of 5257?
True
Is 147756466 a multiple of 74?
True
Does 17 divide 2020539267?
True
Does 241 divide 251136942?
True
Is 16 a factor of 42637824?
True
Does 3073 divide 1555435826?
True
Does 2793 divide 86424772?
False
Is 1879 a factor of 230344731?
True
Does 3174 divide 85830747?
False
Does 49 divide 55338273?
False
Is 37604831 a multiple of 41?
True
Is 2222 a factor of 534728744?
True
Does 24 divide 6672765?
False
Is 1604392 a multiple of 251?
True
Is 1739 a factor of 121845046?
False
Is 1949714100 a multiple of 101?
True
Is 124828844 a multiple of 81?
False
Is 4 a factor of 7521104?
True
Is 2844312 a multiple of 56?
False
Does 14 divide 1912162?
True
Is 11749 a factor of 1163151?
True
Is 442677510 a multiple of 149?
True
Does 227 divide 4497752?
False
Is 4489962 a multiple of 1081?
False
Does 30 divide 7446521?
False
Does 9 divide 30384371?
False
Is 2927399 a multiple of 4?
False
Does 3325 divide 750173389?
False
Is 20517207 a multiple of 488?
False
Is 24853280 a multiple of 8?
True
Is 33 a factor of 482658342?
False
Does 47 divide 356489230?
False
Is 799127436 a multiple of 284?
True
Is 1010 a factor of 23818051?
False
Is 44 a factor of 20578027?
False
Is 1292 a factor of 1196072876?
True
Is 479 a factor of 772324751?
True
Is 602 a factor of 4357560746?
True
Is 7914887189 a multiple of 1663?
True
Is 15223787 a multiple of 144?
False
Is 42336917 a multiple of 201?
False
Does 6 divide 4597578?
True
Is 44453729 a multiple of 137?
False
Is 125677192 a multiple of 68?
True
Is 269090845 a multiple of 292?
False
Does 25 divide 708625?
True
Is 211185534 a multiple of 123?
False
Is 15 a factor of 45015600?
True
Does 209 divide 457131421?
False
Is 9647784 a multiple of 123?
False
Is 129 a factor of 419600880?
True
Is 353914440 a multiple of 1320?
True
Does 40 divide 2343928734?
False
Is 191 a factor of 3094612?
False
Is 239742720 a multiple of 1890?
True
Does 1596 divide 9334657?
False
Does 3 divide 20948466?
True
Is 750 a factor of 267434250?
True
Is 812 a factor of 29319696?
True
Is 183 a factor of 238170840?
True
Does 15 divide 20237310?
True
Is 39231200 a multiple of 160?
True
Does 785 divide 2215475665?
False
Is 1821910082 a multiple of 16?
False
Is 7448997 a multiple of 487?
False
Is 1982 a factor of 195950733?
False
Does 4 divide 101025368?
True
Is 39 a factor of 47074755?
True
Is 748 a factor of 443940244?
True
Does 9 divide 1976841?
True
Does 17 divide 197415900?
True
Is 24 a factor of 120253800?
True
Is 20780193 a multiple of 700?
False
Is 6 a factor of 1919430?
True
Does 15 divide 195261420?
True
Is 391 a factor of 26146561?
True
Is 12364820 a multiple of 52?
True
Does 316 divide 2623528?
False
Is 83 a factor of 19742610?
False
Is 13 a factor of 22514047?
False
Is 10553889 a multiple of 3?
True
Is 148911877 a multiple of 345?
False
Is 36 a factor of 419309518?
False
Is 10393632 a multiple of 604?
True
Is 5098642 a multiple of 584?
False
Is 902919695 a multiple of 11?
False
Is 40053835 a multiple of 3365?
False
Does 941 divide 558358347?
True
Is 2106578656 a multiple of 91?
True
Does 7 divide 27326474?
True
Is 1458 a factor of 908519365?
False
Is 28 a factor of 536592364?
True
Is 49527268 a multiple of 55?
False
Is 34853159 a multiple of 11?
True
Does 92 divide 717155824?
True
Is 8 a factor of 27412072?
True
Is 26 a factor of 1283818198?
True
Is 73420288 a multiple of 193?
True
Does 10 divide 857152740?
True
Is 404282625 a multiple of 6285?
True
Is 17 a factor of 342212649?
False
Does 4417 divide 757321152?
True
Is 4840664 a multiple of 1448?
True
Does 12 divide 3260063556?
True
Is 102808758 a multiple of 34?
True
Does 228 divide 34135476?
True
Is 80001280 a multiple of 80?
True
Does 71 divide 31114188?
True
Is 328 a factor of 118612672?
True
Is 822035796 a multiple of 6?
True
Is 271 a factor of 87404817?
True
Is 600563260 a multiple of 220?
True
Does 151 divide 21099605?
False
Does 69 divide 309418632?
True
Does 784 divide 2228960437?
False
Does 48 divide 94436016?
True
Does 239 divide 1724711?
False
Is 364 a factor of 5704964720?
True
Is 24 a factor of 815873?
False
Is 3 a factor of 30639015?
True
Is 20 a factor of 14131840?
True
Is 631 a factor of 17394146?
True
Is 312 a factor of 780012612?
False
Does 43 divide 232972581?
True
Is 9507070 a multiple of 290?
True
Does 1048 divide 197506080?
True
Is 1156687121 a multiple of 41?
True
Does 9 divide 305510294?
False
Is 1543 a factor of 64392476?
True
Is 214014176 a multiple of 2687?
True
Is 157978627 a multiple of 97?
False
Does 1430 divide 53792076?
False
Is 92 a factor of 1489392330?
False
Does 16824 divide 4252350251?
False
Is 4424 a factor of 266178808?
True
Is 3 a factor of 678633702?
True
Does 137 divide 8444543?
True
Does 216 divide 109177111?
False
Is 8 a factor of 629261600?
True
Is 6 a factor of 604076642?
False
Does 95 divide 258527777?
False
Does 134 divide 15292214?
True
Does 92 divide 4378974508?
True
Is 43 a factor of 7868742?
True
Is 138 a factor of 102725268?
True
Does 659 divide 55997626?
False
Does 31 divide 184390108?
True
Does 1794 divide 853368273?
False
Is 124 a factor of 664175248?
True
Is 107 a factor of 3122581?
True
Is 2338652817 a multiple of 4689?
True
Does 20 divide 1037980?
True
Is 12151524 a multiple of 12?
True
Does 71 divide 65688916?
True
Does 105 divide 40501326?
False
Is 118 a factor of 46521152?
False
Is 530 a factor of 847624203?
False
Is 19 a factor of